rs of 34037977.
34037977
What are the prime factors of 1815242796?
2, 3, 17, 2966083
What are the prime factors of 917700457?
131, 7005347
What are the prime factors of 1182849769?
19, 2027, 30713
List the prime factors of 4722430546.
2, 37, 67, 952487
List the prime factors of 104917160.
2, 5, 47, 55807
List the prime factors of 248594254.
2, 67, 397, 4673
What are the prime factors of 3031237919?
23, 67, 1151, 1709
What are the prime factors of 44262664?
2, 5532833
List the prime factors of 1650277122.
2, 3, 13, 4549, 4651
What are the prime factors of 238481740?
2, 5, 7, 853, 1997
What are the prime factors of 205147050?
2, 3, 5, 1367647
List the prime factors of 32712261.
3, 29, 376003
List the prime factors of 43966972.
2, 7, 151, 10399
What are the prime factors of 132224142?
2, 3, 229, 96233
List the prime factors of 1298597982.
2, 3, 11, 199, 98873
What are the prime factors of 8051613?
3, 71, 103, 367
List the prime factors of 367718444.
2, 59, 1558129
List the prime factors of 157076229.
3, 5441, 9623
What are the prime factors of 132365305?
5, 19, 937, 1487
List the prime factors of 199885254.
2, 3, 67, 487, 1021
List the prime factors of 122119343.
122119343
What are the prime factors of 81694101?
3, 1327, 20521
What are the prime factors of 3213956983?
773, 4157771
What are the prime factors of 418292108?
2, 13, 8044079
List the prime factors of 845616121.
7, 120802303
What are the prime factors of 702120888?
2, 3, 7, 1393097
What are the prime factors of 278125330?
2, 5, 7, 3973219
What are the prime factors of 210139086?
2, 3, 23, 1231, 1237
List the prime factors of 3542054102.
2, 1409, 1256939
List the prime factors of 53783839.
47, 1019, 1123
What are the prime factors of 870465857?
870465857
List the prime factors of 17492567.
617, 28351
List the prime factors of 1800714832.
2, 7, 16077811
List the prime factors of 1637916690.
2, 3, 5, 54597223
What are the prime factors of 3734433833?
13, 47, 6112003
List the prime factors of 206560646.
2, 103280323
What are the prime factors of 188253396?
2, 3, 581029
List the prime factors of 159309782.
2, 347, 229553
List the prime factors of 15506055.
3, 5, 317, 1087
What are the prime factors of 24349767?
3, 13, 643, 971
What are the prime factors of 2610640761?
3, 1163, 748249
List the prime factors of 1789732347.
3, 13, 2083, 22031
List the prime factors of 4744196267.
38167, 124301
List the prime factors of 140951820.
2, 3, 5, 23, 102139
List the prime factors of 92610365.
5, 18522073
List the prime factors of 17659955.
5, 3531991
List the prime factors of 425698726.
2, 212849363
List the prime factors of 100368775.
5, 13, 308827
What are the prime factors of 122593125?
3, 5, 151, 433
List the prime factors of 191885378.
2, 1913, 50153
What are the prime factors of 164629116?
2, 3, 59, 77509
What are the prime factors of 2083628536?
2, 11, 601, 39397
List the prime factors of 1835003430.
2, 3, 5, 13, 353, 1481
List the prime factors of 3905670796.
2, 2029, 481231
List the prime factors of 3058054903.
3058054903
List the prime factors of 63683612.
2, 401, 39703
List the prime factors of 96310559.
17, 79, 71713
What are the prime factors of 108015347?
11, 9819577
List the prime factors of 947857812.
2, 3, 11, 7180741
What are the prime factors of 126225524?
2, 31556381
What are the prime factors of 909282391?
23, 1907, 20731
List the prime factors of 397601930.
2, 5, 11, 751, 4813
List the prime factors of 2310053799.
3, 71, 2011, 5393
What are the prime factors of 90516878?
2, 1433, 31583
List the prime factors of 996768736.
2, 31149023
List the prime factors of 235325421.
3, 107, 244367
List the prime factors of 453497918.
2, 226748959
List the prime factors of 38026463.
1453, 26171
List the prime factors of 707644543.
41, 3019, 5717
What are the prime factors of 1480404230?
2, 5, 73, 2027951
List the prime factors of 86272564.
2, 7, 29, 181, 587
List the prime factors of 101946656.
2, 7, 79, 823
List the prime factors of 147716413.
13, 11362801
List the prime factors of 14357890.
2, 5, 601, 2389
What are the prime factors of 2607129341?
2607129341
List the prime factors of 283448993.
7649, 37057
List the prime factors of 414030327.
3, 31, 4451939
List the prime factors of 1749578631.
3, 583192877
What are the prime factors of 4131125?
5, 33049
List the prime factors of 8040211.
19, 37, 11437
What are the prime factors of 7343983785?
3, 5, 367, 1334057
What are the prime factors of 99186291?
3, 11020699
List the prime factors of 1368492855.
3, 5, 157, 581101
What are the prime factors of 502168534?
2, 7, 43, 53, 15739
What are the prime factors of 205794229?
127, 809, 2003
List the prime factors of 512700807.
3, 17, 19, 529103
What are the prime factors of 1994415382?
2, 997207691
List the prime factors of 45568587.
3, 907, 16747
List the prime factors of 3112543827.
3, 179, 214673
What are the prime factors of 432435342?
2, 3, 383, 188179
List the prime factors of 848731772.
2, 7, 83, 173, 2111
What are the prime factors of 8972939?
43, 208673
List the prime factors of 543402884.
2, 61, 2227061
What are the prime factors of 225910603?
17, 13288859
What are the prime factors of 130230768?
2, 3, 131, 139, 149
What are the prime factors of 73372996?
2, 61, 83, 3623
List the prime factors of 35564033.
35564033
What are the prime factors of 37244675?
5, 13, 114599
What are the prime factors of 102726466?
2, 51363233
List the prime factors of 3891947224.
2, 11, 17, 2601569
What are the prime factors of 1090865302?
2, 37, 14741423
List the prime factors of 4981327591.
67, 74348173
What are the prime factors of 4447606425?
3, 5, 31, 1912949
List the prime factors of 6530338.
2, 19, 171851
What are the prime factors of 2466672350?
2, 5, 49333447
What are the prime factors of 3518253234?
2, 3, 179, 191, 5717
What are the prime factors of 2309668816?
2, 7, 13, 1586311
List the prime factors of 3942016117.
13, 17, 151, 118127
What are the prime factors of 12694792?
2, 11, 144259
What are the prime factors of 359154338?
2, 23, 37, 89, 2371
List the prime factors of 1890445.
5, 378089
What are the prime factors of 57585774?
2, 3, 1129, 8501
What are the prime factors of 562092379?
929, 605051
What are the prime factors of 7484837?
41, 311, 587
What are the prime factors of 4125065712?
2, 3, 59, 107, 13613
What are the prime factors of 3027397406?
2, 11, 29, 4745137
What are the prime factors of 535908157?
535908157
List the prime factors of 3967838884.
2, 359, 2763119
List the prime factors of 80636282.
2, 137, 294293
List the prime factors of 838664505.
3, 5, 7, 563, 4729
List the prime factors of 56485477.
5081, 11117
What are the prime factors of 421292237?
421292237
What are the prime factors of 344984398?
2, 11, 523, 29983
What are the prime factors of 1240063805?
5, 67, 55249
List the prime factors of 1457395789.
1457395789
List the prime factors of 714743339.
714743339
What are the prime factors of 7659725?
5, 306389
What are the prime factors of 80482465?
5, 7, 2299499
What are the prime factors of 490293913?
490293913
What are the prime factors of 1058278856?
2, 71, 103, 18089
List the prime factors of 129972048.
2, 3, 2707751
List the prime factors of 258984014.
2, 1123, 115309
List the prime factors of 187595169.
3, 62531723
List the prime factors of 9108784557.
3, 41, 43, 61, 3137
What are the prime factors of 1879596067?
1879596067
List the prime factors of 3741800999.
41, 3167, 28817
What are the prime factors of 950586634?
2, 313, 647, 2347
What are the prime factors of 97712137?
5099, 19163
List the prime factors of 52997761.
29, 1827509
List the prime factors of 803286720.
2, 3, 5, 17, 1823
What are the prime factors of 42825689?
41, 1044529
What are the prime factors of 11237533?
11237533
List the prime factors of 3157305218.
2, 1578652609
What are the prime factors of 432506215?
5, 19, 4552697
What are the prime factors of 3309496649?
53, 5897, 10589
List the prime factors of 84198034.
2, 42099017
List the prime factors of 86273409.
3, 4751, 6053
List the prime factors of 5803820927.
17, 191, 281, 6361
List the prime factors of 44171281.
7, 11, 139, 4127
What are the prime factors of 8136007139?
13, 173, 3617611
List the prime factors of 170401434.
2, 3, 7, 23, 419, 421
L